 + 21 = 15*v. What is the greatest common factor of v and 10?
1
Suppose k - x - 8 = -k, k - x - 2 = 0. What is the highest common divisor of 6 and k?
6
Suppose 32*b - 7854 = -2*b. Calculate the highest common divisor of 539 and b.
77
Let z(u) = u**3 + 7*u**2 + 12*u + 24. Let n be z(-4). Calculate the highest common factor of 8 and n.
8
Let z(v) = v - 269 - 5*v + 267. Let a be z(-10). Calculate the greatest common factor of a and 57.
19
Let x be ((-198)/(-27))/(-11) + (-60)/(-9). What is the greatest common divisor of 96 and x?
6
Suppose -2*u = -l - 3*u + 21, -2*l + 4*u = -24. Suppose 0 = 2*x - 0*x + 4. Let s be 39 + x + -2 + 1. What is the highest common divisor of s and l?
18
Let b = 131 + -87. Let x(f) = 4*f - 5. Suppose v - 20 = -5*p, v - 10 - 6 = -4*p. Let i be x(p). Calculate the greatest common divisor of b and i.
11
Let m be (5 - -114) + 5 + -8. What is the highest common divisor of 58 and m?
58
Let x = 2450 - 2424. Let i = 137 + -59. What is the highest common divisor of x and i?
26
Let u = -183 + 383. Suppose 4*a + 3*j = 4*j + u, -2*j = 3*a - 161. Calculate the greatest common divisor of 459 and a.
51
Let n be ((-2)/(-4))/((-93)/24 - -4). Suppose -12 - 66 = -13*p. Calculate the greatest common divisor of p and n.
2
Let z be 270*((-9)/(-5) - (-39)/(-65)). Calculate the highest common divisor of 48 and z.
12
Let m(r) = r**2 + 38*r + 114. Let t be m(-3). What is the highest common divisor of 576 and t?
9
Let h(d) = d**3 + 8*d**2 + 7*d - 8. Let b be h(-7). Suppose u + 48 = -3*p - p, -5*u - 12 = p. Let s = b - p. Calculate the greatest common factor of s and 32.
4
Suppose -13 = -2*j + 13. What is the highest common factor of 273 and j?
13
Let f = 32 - 23. Let z be 4*(-3 + f/2). What is the greatest common divisor of 42 and z?
6
Let s(d) = -2*d**3 + 6*d + 6. Let h be s(-4). Let k be ((-4)/(-10))/1*h. Calculate the greatest common factor of k and 4.
4
Let l(r) be the third derivative of -r**6/120 - r**5/3 + 3*r**3 - 49*r**2. Let o be l(-20). Calculate the highest common divisor of 117 and o.
9
Let v(q) = -q**2 + 14*q - 9. Let l be v(7). Suppose 4*d + l = 4*s, -4*d - 2*s = -s + 20. Let f = 78 + d. What is the greatest common factor of f and 24?
24
Suppose -10*y + 37 = -263. Let r(u) = -12*u + 6. Let h be r(6). Let t = 24 - h. Calculate the highest common factor of t and y.
30
Let x be (4/3)/((-4)/(-3)). Let h be (-9)/((3/(-9))/x). Let f = h + 149. Calculate the highest common factor of f and 16.
16
Let d be 3/(5/(20/6)) + 28. Suppose 2*b + 4 - d = 0. What is the greatest common factor of b and 143?
13
Suppose 17 = 3*d - t, 0*d - 3*t + 26 = 2*d. Suppose m = -0*m - d. Let o be 3756/84 + (-2)/m. What is the highest common divisor of 30 and o?
15
Suppose -5*p - 2*k = 112, -k - 2*k - 60 = 3*p. Let t = 38 + p. What is the greatest common factor of 28 and t?
14
Let p(z) = 2*z**3 - z**2 - z - 1. Let j be p(-2). Let o(g) = g**3 + 21*g**2 + 34*g - 32. Let q be o(j). Calculate the greatest common factor of q and 66.
22
Suppose 715 = 2*o + 5*v + 85, 642 = 2*o + 2*v. What is the greatest common factor of o and 13?
13
Let b be (-24)/(-10) + 8/(-20). Suppose 0 = -9*w + 11*w - b. What is the highest common divisor of 4 and w?
1
Let x be 1 + 0 + 0/2. Suppose 5*s - 22*y - 39 = -21*y, -4*s = 2*y - 34. What is the highest common factor of s and x?
1
Let w = 453 + -288. Suppose -w = -4*a - 53. Let q be -3 - (2 - 3)*a. Calculate the highest common factor of q and 25.
25
Let n be (-83394)/(-410) + (-36)/15 + 2. Calculate the greatest common divisor of 77 and n.
7
Let c = 11 - 8. Suppose 3*m - 541 = -c*v - 73, 15 = 5*m. Let y = v + -105. Calculate the greatest common factor of 32 and y.
16
Let q(z) = -z**2 - 9*z + 22. Let l be q(-10). Suppose 0*i - l = -2*i. Calculate the highest common divisor of i and 24.
6
Let r(a) = -5*a - 6. Let h be r(-3). Let t(l) = -l**3 - 11*l**2 - 21*l - 11. Let m be t(-10). What is the greatest common divisor of h and m?
9
Let c be ((-4)/(-4))/(-1) - -415. What is the highest common factor of c and 18?
18
Suppose 0 = 7*g - 3*g - 72. Let t = -312 + 438. Calculate the greatest common factor of g and t.
18
Let b(n) = -n**2 - 24*n - 26. Let q be b(-21). Calculate the highest common factor of q and 37.
37
Suppose 3*q + n = -1, -q - 2*n - 3 = 4*q. Let m be 446/(2 - 0) + q. Calculate the highest common factor of m and 32.
32
Suppose 0 = 33*z - 1940 + 422. Calculate the greatest common factor of z and 3404.
46
Suppose -5*j + 7*j - 8 = 0. Suppose 2*s - 163 = 3*t, 296 = j*s - t + 5*t. Calculate the highest common factor of s and 11.
11
Let l be 18*(14/3 - (11 - 7)). Suppose -2*a + 1 = -7. Suppose i - 1 - 26 = -a*k, -5*k - i + 33 = 0. Calculate the greatest common factor of k and l.
6
Let l = 397 + -382. Let n be 4 + 157 - -3 - -1. Calculate the highest common divisor of l and n.
15
Let y(b) = 21*b - b**2 - 3*b - 11 - 4. Let q be y(15). Suppose -2*o = -30 - q. Calculate the highest common divisor of o and 45.
15
Let i = 10 + -26. Let b = -29 - -8. Let v = i - b. Calculate the highest common factor of v and 15.
5
Suppose -2*a = -102 - 78. Suppose -5*n + 3*q = -n - 83, 29 = 2*n + q. Suppose 2*m + l - 35 = 6*l, l - n = -2*m. What is the greatest common factor of m and a?
10
Let n(q) = q**2 + 6*q - 87. Let p be n(-14). Calculate the highest common divisor of p and 10.
5
Suppose 2*u = -3 + 7. Suppose v + 5*s - 15 = 0, 5*s - 25 = v - 4*v. Suppose -u*z + 124 = v*f - z, 0 = 5*z - 20. What is the highest common divisor of f and 16?
8
Let a = 19 - -17. Suppose -2*o + a = -o. Calculate the highest common factor of o and 24.
12
Let t be 1 + 151 + 4/(-2). Suppose 2*n + 3*n + 4*c = t, 3*n - 90 = -4*c. Suppose -6 = 2*d - n. What is the highest common divisor of 4 and d?
4
Let j(x) = -x**2 + 16*x - 9. Let a be j(5). Calculate the greatest common divisor of a and 782.
46
Let d = 29 + -27. Suppose d*q - 306 = 58. Calculate the greatest common divisor of q and 26.
26
Let r be 47 + 1 - (4 + -8). Suppose 5*q + r - 142 = 0. Calculate the highest common divisor of q and 6.
6
Let n = -594 - -622. What is the highest common factor of n and 742?
14
Let k(x) = 1 + 4*x + x**2 - 2 - 3 - 9*x. Let d be k(7). Calculate the greatest common divisor of 15 and d.
5
Let c = 100 - 83. What is the greatest common factor of c and 119?
17
Suppose 0 = 8*z + 2 - 34. Let a be (-16)/(-12) + (-2)/(-12)*z. Calculate the highest common divisor of a and 8.
2
Let r = -62 + 108. Calculate the highest common divisor of 322 and r.
46
Let k(i) = i**2 + 11*i + 5. Let m(v) = -2*v**2 + 7. Let q be m(3). Let p be k(q). Suppose -2*w + 35 = -w. What is the highest common factor of p and w?
5
Suppose -17 = -5*q + 63. Let x = 29 + q. Calculate the greatest common factor of 75 and x.
15
Let y = 3647 - 3188. What is the greatest common divisor of y and 663?
51
Let g be 4/(-6) - 104/(-39). Let t be (12 - 1) + g + 1. Calculate the greatest common divisor of 56 and t.
14
Let g(v) = 18*v**3 - 5*v**2 + 10*v + 5. Let i be g(3). Calculate the greatest common factor of 68 and i.
68
Suppose n + 5 = -0*n + 5*a, 0 = -n + 4*a - 3. Suppose 0 = 4*b + 3*t - 7*t - 548, 2*b = n*t + 277. Calculate the highest common factor of b and 17.
17
Let y = -923 - -1898. What is the greatest common factor of 26 and y?
13
Suppose 9 = 8*v - 11*v. Let x be 5/((v + 2)*(-3)/15). What is the greatest common factor of x and 75?
25
Let q = -230 + 428. Suppose 0 = -s - 0*s + q. Suppose 0*n = -4*n + 2*x + s, -3*n = -2*x - 150. Calculate the greatest common divisor of 6 and n.
6
Suppose -11*m = -16*m + 195. Let n be (260/(-6))/((-12)/18). Let x = n + -39. Calculate the greatest common factor of m and x.
13
Let t = -161 + 164. Let u(d) = -d**2 + 7*d + 11. Let z be u(8). Calculate the greatest common factor of z and t.
3
Let q(p) = -p**3 + 6*p**2 - 5*p + 8. Let y be q(5). Let l be (1/(-3))/(3/(-9)). Calculate the highest common factor of l and y.
1
Suppose 3*r - 1 + 7 = p, 4*r + 23 = 3*p. Suppose -3*x - 445 = -5*c + 410, 2*c = 4*x + 342. Suppose 3*i - 72 = c. What is the highest common divisor of i and p?
9
Let y be 176 + (1 - 3 - -2). Let n = -4 - -22. Let b = -2 + n. What is the highest common divisor of y and b?
16
Suppose -13*w = -4*w - 342. Suppose f + 67 = 6. Let q = f - -118. Calculate the greatest common divisor of q and w.
19
Let v = -53 -